{"id":5420,"date":"2017-02-10T10:50:41","date_gmt":"2017-02-10T09:50:41","guid":{"rendered":"http:\/\/www.jeromecarbone.com\/photographe\/?page_id=5420"},"modified":"2021-10-07T09:41:23","modified_gmt":"2021-10-07T07:41:23","slug":"presentation","status":"publish","type":"page","link":"https:\/\/www.jeromecarbone.com\/photographe\/grossesse\/presentation\/","title":{"rendered":"Pr\u00e9sentation"},"content":{"rendered":"<p><span style=\"text-decoration: underline;\">Navigation<\/span>&nbsp;:&nbsp;<a href=\"http:\/\/www.jeromecarbone.com\/photographe\/grossesse\/\">Galerie<\/a> &#8211; <strong><a href=\"http:\/\/www.jeromecarbone.com\/photographe\/grossesse\/presentation\/\">Pr\u00e9sentation<\/a><\/strong> &#8211; <a href=\"http:\/\/www.jeromecarbone.com\/photographe\/grossesse\/deroulement-de-la-seance\/\">D\u00e9roulement de la s\u00e9ance<\/a> &#8211; <a href=\"http:\/\/www.jeromecarbone.com\/photographe\/grossesse\/tarifs\/\">Tarifs<\/a><\/p>\n<p><img loading=\"lazy\" decoding=\"async\" id=\"gmedia-image-166\" class=\"gmedia-singlepic alignleft\" title=\"IMG 4314-3\" src=\"http:\/\/www.jeromecarbone.com\/photographe\/wp-content\/grand-media\/image\/thumb\/IMG_4314-3.jpg\" alt=\"IMG 4314-3\" width=\"179\" height=\"269\"><\/p>\n<p>La grossesse est une exp\u00e9rience extraordinaire : vous allez donner la vie \u00e0 un petit \u00eatre qui vous changera \u00e0 jamais. Votre famille va s&rsquo;agrandir et remplira votre existence de joie&nbsp;et de bonheur !<\/p>\n<p>Pendant ces 9 mois, votre&nbsp;silhouette de femme va changer : un joli ventre tout en rondeur se formera au fil du temps pour prot\u00e9ger votre&nbsp;b\u00e9b\u00e9.<\/p>\n<p>A partir du 7\u00e8me mois, celui-ci sera alors bien dessin\u00e9 et il sera le moment opportun d&rsquo;immortaliser cet instant et cr\u00e9er vos souvenirs.<\/p>\n<p>Cette s\u00e9ance grossesse permettra de construire l&rsquo;h\u00e9ritage de votre enfant \u00e0 travers vous. Et parce qu&rsquo;il est important de garder des souvenirs, vous pourrez, au gr\u00e9 de vos envies, transformer les photos en albums, tableaux, tirages\u2026<\/p>\n<p>Pour en savoir plus sur le <a href=\"http:\/\/www.jeromecarbone.com\/photographe\/grossesse\/deroulement-de-la-seance\/\">d\u00e9roulement d&rsquo;une s\u00e9ance, suivez le guide<\/a> !<\/p>\n<p><\/p>\n\n","protected":false},"excerpt":{"rendered":"<p>Navigation&nbsp;:&nbsp;Galerie &#8211; Pr\u00e9sentation &#8211; D\u00e9roulement de la s\u00e9ance &#8211; Tarifs La grossesse est une exp\u00e9rience extraordinaire : vous allez donner la vie \u00e0 un petit \u00eatre qui vous changera \u00e0 jamais. Votre famille va s&rsquo;agrandir et remplira votre existence de joie&nbsp;et de bonheur ! Pendant ces 9 mois, votre&nbsp;silhouette de femme va changer : un [&hellip;]<\/p>\n","protected":false},"author":1,"featured_media":0,"parent":5348,"menu_order":0,"comment_status":"closed","ping_status":"closed","template":"template-full-width.php","meta":{"footnotes":""},"class_list":["post-5420","page","type-page","status-publish","hentry"],"yoast_head":"<!-- This site is optimized with the Yoast SEO plugin v23.1 - https:\/\/yoast.com\/wordpress\/plugins\/seo\/ -->\n<title>S\u00e9ance Grossesse - Photographe de votre famille- J\u00e9r\u00f4me Carbone<\/title>\n<meta name=\"description\" content=\"D\u00e9couvrez mon portfolio des photos grossesse. J\u00e9r\u00f4me Carbone vous accueille dans son studio sur Salleboeuf pr\u00e8s de Bordeaux.\" \/>\n<meta name=\"robots\" content=\"index, follow, max-snippet:-1, max-image-preview:large, max-video-preview:-1\" \/>\n<link rel=\"canonical\" href=\"https:\/\/www.jeromecarbone.com\/photographe\/grossesse\/presentation\/\" \/>\n<meta property=\"og:locale\" content=\"fr_FR\" \/>\n<meta property=\"og:type\" content=\"article\" \/>\n<meta property=\"og:title\" content=\"S\u00e9ance Grossesse - Photographe de votre famille- J\u00e9r\u00f4me Carbone\" \/>\n<meta property=\"og:description\" content=\"D\u00e9couvrez mon portfolio des photos grossesse. J\u00e9r\u00f4me Carbone vous accueille dans son studio sur Salleboeuf pr\u00e8s de Bordeaux.\" \/>\n<meta property=\"og:url\" content=\"https:\/\/www.jeromecarbone.com\/photographe\/grossesse\/presentation\/\" \/>\n<meta property=\"og:site_name\" content=\"J\u00e9r\u00f4me Carbone\" \/>\n<meta property=\"article:modified_time\" content=\"2021-10-07T07:41:23+00:00\" \/>\n<meta property=\"og:image\" content=\"http:\/\/www.jeromecarbone.com\/photographe\/wp-content\/grand-media\/image\/thumb\/IMG_4314-3.jpg\" \/>\n<meta name=\"twitter:card\" content=\"summary_large_image\" \/>\n<meta name=\"twitter:label1\" content=\"Dur\u00e9e de lecture estim\u00e9e\" \/>\n\t<meta name=\"twitter:data1\" content=\"1 minute\" \/>\n<script type=\"application\/ld+json\" class=\"yoast-schema-graph\">{\"@context\":\"https:\/\/schema.org\",\"@graph\":[{\"@type\":\"WebPage\",\"@id\":\"https:\/\/www.jeromecarbone.com\/photographe\/grossesse\/presentation\/\",\"url\":\"https:\/\/www.jeromecarbone.com\/photographe\/grossesse\/presentation\/\",\"name\":\"S\u00e9ance Grossesse - Photographe de votre famille- J\u00e9r\u00f4me Carbone\",\"isPartOf\":{\"@id\":\"https:\/\/www.jeromecarbone.com\/photographe\/#website\"},\"primaryImageOfPage\":{\"@id\":\"https:\/\/www.jeromecarbone.com\/photographe\/grossesse\/presentation\/#primaryimage\"},\"image\":{\"@id\":\"https:\/\/www.jeromecarbone.com\/photographe\/grossesse\/presentation\/#primaryimage\"},\"thumbnailUrl\":\"http:\/\/www.jeromecarbone.com\/photographe\/wp-content\/grand-media\/image\/thumb\/IMG_4314-3.jpg\",\"datePublished\":\"2017-02-10T09:50:41+00:00\",\"dateModified\":\"2021-10-07T07:41:23+00:00\",\"description\":\"D\u00e9couvrez mon portfolio des photos grossesse. J\u00e9r\u00f4me Carbone vous accueille dans son studio sur Salleboeuf pr\u00e8s de Bordeaux.\",\"breadcrumb\":{\"@id\":\"https:\/\/www.jeromecarbone.com\/photographe\/grossesse\/presentation\/#breadcrumb\"},\"inLanguage\":\"fr-FR\",\"potentialAction\":[{\"@type\":\"ReadAction\",\"target\":[\"https:\/\/www.jeromecarbone.com\/photographe\/grossesse\/presentation\/\"]}]},{\"@type\":\"ImageObject\",\"inLanguage\":\"fr-FR\",\"@id\":\"https:\/\/www.jeromecarbone.com\/photographe\/grossesse\/presentation\/#primaryimage\",\"url\":\"http:\/\/www.jeromecarbone.com\/photographe\/wp-content\/grand-media\/image\/thumb\/IMG_4314-3.jpg\",\"contentUrl\":\"http:\/\/www.jeromecarbone.com\/photographe\/wp-content\/grand-media\/image\/thumb\/IMG_4314-3.jpg\"},{\"@type\":\"BreadcrumbList\",\"@id\":\"https:\/\/www.jeromecarbone.com\/photographe\/grossesse\/presentation\/#breadcrumb\",\"itemListElement\":[{\"@type\":\"ListItem\",\"position\":1,\"name\":\"Accueil\",\"item\":\"https:\/\/www.jeromecarbone.com\/photographe\/\"},{\"@type\":\"ListItem\",\"position\":2,\"name\":\"Grossesse\",\"item\":\"https:\/\/www.jeromecarbone.com\/photographe\/grossesse\/\"},{\"@type\":\"ListItem\",\"position\":3,\"name\":\"Pr\u00e9sentation\"}]},{\"@type\":\"WebSite\",\"@id\":\"https:\/\/www.jeromecarbone.com\/photographe\/#website\",\"url\":\"https:\/\/www.jeromecarbone.com\/photographe\/\",\"name\":\"Photographe de votre famille\",\"description\":\"Photographe de votre famille\",\"publisher\":{\"@id\":\"https:\/\/www.jeromecarbone.com\/photographe\/#\/schema\/person\/16010d3d4cd99291c568d78e2dadac77\"},\"potentialAction\":[{\"@type\":\"SearchAction\",\"target\":{\"@type\":\"EntryPoint\",\"urlTemplate\":\"https:\/\/www.jeromecarbone.com\/photographe\/?s={search_term_string}\"},\"query-input\":\"required name=search_term_string\"}],\"inLanguage\":\"fr-FR\"},{\"@type\":[\"Person\",\"Organization\"],\"@id\":\"https:\/\/www.jeromecarbone.com\/photographe\/#\/schema\/person\/16010d3d4cd99291c568d78e2dadac77\",\"name\":\"J\u00e9r\u00f4me Carbone\",\"image\":{\"@type\":\"ImageObject\",\"inLanguage\":\"fr-FR\",\"@id\":\"https:\/\/www.jeromecarbone.com\/photographe\/#\/schema\/person\/image\/\",\"url\":\"https:\/\/secure.gravatar.com\/avatar\/40119e45623f76cf8351cadf8e13aebd248fdf78cb744a57826f41598011d4b6?s=96&d=mm&r=g\",\"contentUrl\":\"https:\/\/secure.gravatar.com\/avatar\/40119e45623f76cf8351cadf8e13aebd248fdf78cb744a57826f41598011d4b6?s=96&d=mm&r=g\",\"caption\":\"J\u00e9r\u00f4me Carbone\"},\"logo\":{\"@id\":\"https:\/\/www.jeromecarbone.com\/photographe\/#\/schema\/person\/image\/\"}}]}<\/script>\n<!-- \/ Yoast SEO plugin. -->","yoast_head_json":{"title":"S\u00e9ance Grossesse - Photographe de votre famille- J\u00e9r\u00f4me Carbone","description":"D\u00e9couvrez mon portfolio des photos grossesse. J\u00e9r\u00f4me Carbone vous accueille dans son studio sur Salleboeuf pr\u00e8s de Bordeaux.","robots":{"index":"index","follow":"follow","max-snippet":"max-snippet:-1","max-image-preview":"max-image-preview:large","max-video-preview":"max-video-preview:-1"},"canonical":"https:\/\/www.jeromecarbone.com\/photographe\/grossesse\/presentation\/","og_locale":"fr_FR","og_type":"article","og_title":"S\u00e9ance Grossesse - Photographe de votre famille- J\u00e9r\u00f4me Carbone","og_description":"D\u00e9couvrez mon portfolio des photos grossesse. J\u00e9r\u00f4me Carbone vous accueille dans son studio sur Salleboeuf pr\u00e8s de Bordeaux.","og_url":"https:\/\/www.jeromecarbone.com\/photographe\/grossesse\/presentation\/","og_site_name":"J\u00e9r\u00f4me Carbone","article_modified_time":"2021-10-07T07:41:23+00:00","og_image":[{"url":"http:\/\/www.jeromecarbone.com\/photographe\/wp-content\/grand-media\/image\/thumb\/IMG_4314-3.jpg"}],"twitter_card":"summary_large_image","twitter_misc":{"Dur\u00e9e de lecture estim\u00e9e":"1 minute"},"schema":{"@context":"https:\/\/schema.org","@graph":[{"@type":"WebPage","@id":"https:\/\/www.jeromecarbone.com\/photographe\/grossesse\/presentation\/","url":"https:\/\/www.jeromecarbone.com\/photographe\/grossesse\/presentation\/","name":"S\u00e9ance Grossesse - Photographe de votre famille- J\u00e9r\u00f4me Carbone","isPartOf":{"@id":"https:\/\/www.jeromecarbone.com\/photographe\/#website"},"primaryImageOfPage":{"@id":"https:\/\/www.jeromecarbone.com\/photographe\/grossesse\/presentation\/#primaryimage"},"image":{"@id":"https:\/\/www.jeromecarbone.com\/photographe\/grossesse\/presentation\/#primaryimage"},"thumbnailUrl":"http:\/\/www.jeromecarbone.com\/photographe\/wp-content\/grand-media\/image\/thumb\/IMG_4314-3.jpg","datePublished":"2017-02-10T09:50:41+00:00","dateModified":"2021-10-07T07:41:23+00:00","description":"D\u00e9couvrez mon portfolio des photos grossesse. J\u00e9r\u00f4me Carbone vous accueille dans son studio sur Salleboeuf pr\u00e8s de Bordeaux.","breadcrumb":{"@id":"https:\/\/www.jeromecarbone.com\/photographe\/grossesse\/presentation\/#breadcrumb"},"inLanguage":"fr-FR","potentialAction":[{"@type":"ReadAction","target":["https:\/\/www.jeromecarbone.com\/photographe\/grossesse\/presentation\/"]}]},{"@type":"ImageObject","inLanguage":"fr-FR","@id":"https:\/\/www.jeromecarbone.com\/photographe\/grossesse\/presentation\/#primaryimage","url":"http:\/\/www.jeromecarbone.com\/photographe\/wp-content\/grand-media\/image\/thumb\/IMG_4314-3.jpg","contentUrl":"http:\/\/www.jeromecarbone.com\/photographe\/wp-content\/grand-media\/image\/thumb\/IMG_4314-3.jpg"},{"@type":"BreadcrumbList","@id":"https:\/\/www.jeromecarbone.com\/photographe\/grossesse\/presentation\/#breadcrumb","itemListElement":[{"@type":"ListItem","position":1,"name":"Accueil","item":"https:\/\/www.jeromecarbone.com\/photographe\/"},{"@type":"ListItem","position":2,"name":"Grossesse","item":"https:\/\/www.jeromecarbone.com\/photographe\/grossesse\/"},{"@type":"ListItem","position":3,"name":"Pr\u00e9sentation"}]},{"@type":"WebSite","@id":"https:\/\/www.jeromecarbone.com\/photographe\/#website","url":"https:\/\/www.jeromecarbone.com\/photographe\/","name":"Photographe de votre famille","description":"Photographe de votre famille","publisher":{"@id":"https:\/\/www.jeromecarbone.com\/photographe\/#\/schema\/person\/16010d3d4cd99291c568d78e2dadac77"},"potentialAction":[{"@type":"SearchAction","target":{"@type":"EntryPoint","urlTemplate":"https:\/\/www.jeromecarbone.com\/photographe\/?s={search_term_string}"},"query-input":"required name=search_term_string"}],"inLanguage":"fr-FR"},{"@type":["Person","Organization"],"@id":"https:\/\/www.jeromecarbone.com\/photographe\/#\/schema\/person\/16010d3d4cd99291c568d78e2dadac77","name":"J\u00e9r\u00f4me Carbone","image":{"@type":"ImageObject","inLanguage":"fr-FR","@id":"https:\/\/www.jeromecarbone.com\/photographe\/#\/schema\/person\/image\/","url":"https:\/\/secure.gravatar.com\/avatar\/40119e45623f76cf8351cadf8e13aebd248fdf78cb744a57826f41598011d4b6?s=96&d=mm&r=g","contentUrl":"https:\/\/secure.gravatar.com\/avatar\/40119e45623f76cf8351cadf8e13aebd248fdf78cb744a57826f41598011d4b6?s=96&d=mm&r=g","caption":"J\u00e9r\u00f4me Carbone"},"logo":{"@id":"https:\/\/www.jeromecarbone.com\/photographe\/#\/schema\/person\/image\/"}}]}},"_links":{"self":[{"href":"https:\/\/www.jeromecarbone.com\/photographe\/wp-json\/wp\/v2\/pages\/5420","targetHints":{"allow":["GET"]}}],"collection":[{"href":"https:\/\/www.jeromecarbone.com\/photographe\/wp-json\/wp\/v2\/pages"}],"about":[{"href":"https:\/\/www.jeromecarbone.com\/photographe\/wp-json\/wp\/v2\/types\/page"}],"author":[{"embeddable":true,"href":"https:\/\/www.jeromecarbone.com\/photographe\/wp-json\/wp\/v2\/users\/1"}],"replies":[{"embeddable":true,"href":"https:\/\/www.jeromecarbone.com\/photographe\/wp-json\/wp\/v2\/comments?post=5420"}],"version-history":[{"count":11,"href":"https:\/\/www.jeromecarbone.com\/photographe\/wp-json\/wp\/v2\/pages\/5420\/revisions"}],"predecessor-version":[{"id":5778,"href":"https:\/\/www.jeromecarbone.com\/photographe\/wp-json\/wp\/v2\/pages\/5420\/revisions\/5778"}],"up":[{"embeddable":true,"href":"https:\/\/www.jeromecarbone.com\/photographe\/wp-json\/wp\/v2\/pages\/5348"}],"wp:attachment":[{"href":"https:\/\/www.jeromecarbone.com\/photographe\/wp-json\/wp\/v2\/media?parent=5420"}],"curies":[{"name":"wp","href":"https:\/\/api.w.org\/{rel}","templated":true}]}}