{"id":5452,"date":"2017-02-10T15:57:06","date_gmt":"2017-02-10T14:57:06","guid":{"rendered":"http:\/\/www.jeromecarbone.com\/photographe\/?page_id=5452"},"modified":"2021-02-06T11:55:13","modified_gmt":"2021-02-06T10:55:13","slug":"deroulement-de-la-seance","status":"publish","type":"page","link":"https:\/\/www.jeromecarbone.com\/photographe\/naissance\/deroulement-de-la-seance\/","title":{"rendered":"D\u00e9roulement de la s\u00e9ance"},"content":{"rendered":"<p><span style=\"text-decoration: underline;\">Navigation<\/span>\u00a0:\u00a0<a href=\"http:\/\/www.jeromecarbone.com\/photographe\/naissance\/\">Galerie<\/a> &#8211; <a href=\"http:\/\/www.jeromecarbone.com\/photographe\/naissance\/presentation\/\">Pr\u00e9sentation<\/a> &#8211; <strong><a href=\"http:\/\/www.jeromecarbone.com\/photographe\/naissance\/deroulement-de-la-seance\/\">D\u00e9roulement de la s\u00e9ance<\/a><\/strong> &#8211; <a href=\"http:\/\/www.jeromecarbone.com\/photographe\/naissance\/tarifs\/\">Tarifs<\/a><\/p>\n<p><img loading=\"lazy\" decoding=\"async\" id=\"gmedia-image-265\" class=\"gmedia-singlepic alignright\" title=\"2J5B8010\" src=\"http:\/\/www.jeromecarbone.com\/photographe\/wp-content\/grand-media\/image\/2J5B8010.jpg\" alt=\"2J5B8010\" width=\"396\" height=\"396\" \/><\/p>\n<p>Une s\u00e9ance nouveau-n\u00e9 se planifie d\u00e8s votre 7\u00e8me mois de grossesse. Nous ferons tout pour nous adapter. En effet si b\u00e9b\u00e9 veut sortir plus t\u00f4t, ou m\u00eame si il a choisi de rester quelques jours de plus au chaud nous modulerons le planning.<\/p>\n<p>Le plus important est de pr\u00e9voir la s\u00e9ance entre les 5 \u00e0 15 jours de sa vie.<\/p>\n<p>Ce cr\u00e9neau est primordial surtout pour le \u00ab newborn posing \u00bb qui serait impossible pour des raisons de s\u00e9curit\u00e9.<br \/>\nS\u00e9curit\u00e9 est le maitre mot !<br \/>\nJe vous fournirai tout un ensemble de conseils pour que la s\u00e9ance se d\u00e9roule le mieux possible et que le confort de ces petits \u00eatres fragiles soit maximal.<\/p>\n<p>Si votre b\u00e9b\u00e9 le veut, l\u2019objectif sera de faire de magnifiques clich\u00e9s en \u00ab newborn posing \u00bb, mais aussi des photos avec d\u00e9cors selon vos envies, puis nous finirons en immortalisant votre nouvelle famille.<br \/>\nLa s\u00e9ance dure 3 \u00e0 4 heures.<br \/>\nIl sera \u00e9videmment pr\u00e9vu des moments de pause, de repas : nous irons au rythme de votre enfant, et ne le forcerons pas : certains nouveau n\u00e9 pr\u00e9f\u00e8rent des positions que d&rsquo;autres n&rsquo;appr\u00e9cie pas.<\/p>\n<p>Une fois la s\u00e9ance r\u00e9alis\u00e9e, les photos seront mises en ligne sur une galerie dont vous aurez les acc\u00e8s priv\u00e9s. Vous aurez alors la libert\u00e9 de choisir et de t\u00e9l\u00e9chargez celles qui composeront le forfait souscrit mais aussi de pouvoir compl\u00e9ter cette s\u00e9lection avec des photos suppl\u00e9mentaires (prix unitaire ou pack\/lot d\u00e9gressif).<\/p>\n<p>Pour en savoir plus sur les <a href=\"http:\/\/www.jeromecarbone.com\/photographe\/naissance\/tarifs\/\">tarifs, cliquez-ici<\/a>.<\/p>\n","protected":false},"excerpt":{"rendered":"<p>Navigation\u00a0:\u00a0Galerie &#8211; Pr\u00e9sentation &#8211; D\u00e9roulement de la s\u00e9ance &#8211; Tarifs Une s\u00e9ance nouveau-n\u00e9 se planifie d\u00e8s votre 7\u00e8me mois de grossesse. Nous ferons tout pour nous adapter. En effet si b\u00e9b\u00e9 veut sortir plus t\u00f4t, ou m\u00eame si il a choisi de rester quelques jours de plus au chaud nous modulerons le planning. Le plus [&hellip;]<\/p>\n","protected":false},"author":1,"featured_media":0,"parent":5350,"menu_order":0,"comment_status":"closed","ping_status":"closed","template":"template-full-width.php","meta":{"footnotes":""},"class_list":["post-5452","page","type-page","status-publish","hentry"],"yoast_head":"<!-- This site is optimized with the Yoast SEO plugin v23.1 - https:\/\/yoast.com\/wordpress\/plugins\/seo\/ -->\n<title>D\u00e9roulement de la s\u00e9ance - J\u00e9r\u00f4me Carbone<\/title>\n<meta name=\"robots\" content=\"index, follow, max-snippet:-1, max-image-preview:large, max-video-preview:-1\" \/>\n<link rel=\"canonical\" href=\"https:\/\/www.jeromecarbone.com\/photographe\/naissance\/deroulement-de-la-seance\/\" \/>\n<meta property=\"og:locale\" content=\"fr_FR\" \/>\n<meta property=\"og:type\" content=\"article\" \/>\n<meta property=\"og:title\" content=\"D\u00e9roulement de la s\u00e9ance - J\u00e9r\u00f4me Carbone\" \/>\n<meta property=\"og:description\" content=\"Navigation\u00a0:\u00a0Galerie &#8211; Pr\u00e9sentation &#8211; D\u00e9roulement de la s\u00e9ance &#8211; Tarifs Une s\u00e9ance nouveau-n\u00e9 se planifie d\u00e8s votre 7\u00e8me mois de grossesse. Nous ferons tout pour nous adapter. En effet si b\u00e9b\u00e9 veut sortir plus t\u00f4t, ou m\u00eame si il a choisi de rester quelques jours de plus au chaud nous modulerons le planning. Le plus [&hellip;]\" \/>\n<meta property=\"og:url\" content=\"https:\/\/www.jeromecarbone.com\/photographe\/naissance\/deroulement-de-la-seance\/\" \/>\n<meta property=\"og:site_name\" content=\"J\u00e9r\u00f4me Carbone\" \/>\n<meta property=\"article:modified_time\" content=\"2021-02-06T10:55:13+00:00\" \/>\n<meta property=\"og:image\" content=\"http:\/\/www.jeromecarbone.com\/photographe\/wp-content\/grand-media\/image\/2J5B8010.jpg\" \/>\n<meta name=\"twitter:card\" content=\"summary_large_image\" \/>\n<meta name=\"twitter:label1\" content=\"Dur\u00e9e de lecture estim\u00e9e\" \/>\n\t<meta name=\"twitter:data1\" content=\"1 minute\" \/>\n<script type=\"application\/ld+json\" class=\"yoast-schema-graph\">{\"@context\":\"https:\/\/schema.org\",\"@graph\":[{\"@type\":\"WebPage\",\"@id\":\"https:\/\/www.jeromecarbone.com\/photographe\/naissance\/deroulement-de-la-seance\/\",\"url\":\"https:\/\/www.jeromecarbone.com\/photographe\/naissance\/deroulement-de-la-seance\/\",\"name\":\"D\u00e9roulement de la s\u00e9ance - J\u00e9r\u00f4me Carbone\",\"isPartOf\":{\"@id\":\"https:\/\/www.jeromecarbone.com\/photographe\/#website\"},\"primaryImageOfPage\":{\"@id\":\"https:\/\/www.jeromecarbone.com\/photographe\/naissance\/deroulement-de-la-seance\/#primaryimage\"},\"image\":{\"@id\":\"https:\/\/www.jeromecarbone.com\/photographe\/naissance\/deroulement-de-la-seance\/#primaryimage\"},\"thumbnailUrl\":\"http:\/\/www.jeromecarbone.com\/photographe\/wp-content\/grand-media\/image\/2J5B8010.jpg\",\"datePublished\":\"2017-02-10T14:57:06+00:00\",\"dateModified\":\"2021-02-06T10:55:13+00:00\",\"breadcrumb\":{\"@id\":\"https:\/\/www.jeromecarbone.com\/photographe\/naissance\/deroulement-de-la-seance\/#breadcrumb\"},\"inLanguage\":\"fr-FR\",\"potentialAction\":[{\"@type\":\"ReadAction\",\"target\":[\"https:\/\/www.jeromecarbone.com\/photographe\/naissance\/deroulement-de-la-seance\/\"]}]},{\"@type\":\"ImageObject\",\"inLanguage\":\"fr-FR\",\"@id\":\"https:\/\/www.jeromecarbone.com\/photographe\/naissance\/deroulement-de-la-seance\/#primaryimage\",\"url\":\"http:\/\/www.jeromecarbone.com\/photographe\/wp-content\/grand-media\/image\/2J5B8010.jpg\",\"contentUrl\":\"http:\/\/www.jeromecarbone.com\/photographe\/wp-content\/grand-media\/image\/2J5B8010.jpg\"},{\"@type\":\"BreadcrumbList\",\"@id\":\"https:\/\/www.jeromecarbone.com\/photographe\/naissance\/deroulement-de-la-seance\/#breadcrumb\",\"itemListElement\":[{\"@type\":\"ListItem\",\"position\":1,\"name\":\"Accueil\",\"item\":\"https:\/\/www.jeromecarbone.com\/photographe\/\"},{\"@type\":\"ListItem\",\"position\":2,\"name\":\"Naissance\",\"item\":\"https:\/\/www.jeromecarbone.com\/photographe\/naissance\/\"},{\"@type\":\"ListItem\",\"position\":3,\"name\":\"D\u00e9roulement de la s\u00e9ance\"}]},{\"@type\":\"WebSite\",\"@id\":\"https:\/\/www.jeromecarbone.com\/photographe\/#website\",\"url\":\"https:\/\/www.jeromecarbone.com\/photographe\/\",\"name\":\"Photographe de votre famille\",\"description\":\"Photographe de votre famille\",\"publisher\":{\"@id\":\"https:\/\/www.jeromecarbone.com\/photographe\/#\/schema\/person\/16010d3d4cd99291c568d78e2dadac77\"},\"potentialAction\":[{\"@type\":\"SearchAction\",\"target\":{\"@type\":\"EntryPoint\",\"urlTemplate\":\"https:\/\/www.jeromecarbone.com\/photographe\/?s={search_term_string}\"},\"query-input\":\"required name=search_term_string\"}],\"inLanguage\":\"fr-FR\"},{\"@type\":[\"Person\",\"Organization\"],\"@id\":\"https:\/\/www.jeromecarbone.com\/photographe\/#\/schema\/person\/16010d3d4cd99291c568d78e2dadac77\",\"name\":\"J\u00e9r\u00f4me Carbone\",\"image\":{\"@type\":\"ImageObject\",\"inLanguage\":\"fr-FR\",\"@id\":\"https:\/\/www.jeromecarbone.com\/photographe\/#\/schema\/person\/image\/\",\"url\":\"https:\/\/secure.gravatar.com\/avatar\/40119e45623f76cf8351cadf8e13aebd248fdf78cb744a57826f41598011d4b6?s=96&d=mm&r=g\",\"contentUrl\":\"https:\/\/secure.gravatar.com\/avatar\/40119e45623f76cf8351cadf8e13aebd248fdf78cb744a57826f41598011d4b6?s=96&d=mm&r=g\",\"caption\":\"J\u00e9r\u00f4me Carbone\"},\"logo\":{\"@id\":\"https:\/\/www.jeromecarbone.com\/photographe\/#\/schema\/person\/image\/\"}}]}<\/script>\n<!-- \/ Yoast SEO plugin. -->","yoast_head_json":{"title":"D\u00e9roulement de la s\u00e9ance - J\u00e9r\u00f4me Carbone","robots":{"index":"index","follow":"follow","max-snippet":"max-snippet:-1","max-image-preview":"max-image-preview:large","max-video-preview":"max-video-preview:-1"},"canonical":"https:\/\/www.jeromecarbone.com\/photographe\/naissance\/deroulement-de-la-seance\/","og_locale":"fr_FR","og_type":"article","og_title":"D\u00e9roulement de la s\u00e9ance - J\u00e9r\u00f4me Carbone","og_description":"Navigation\u00a0:\u00a0Galerie &#8211; Pr\u00e9sentation &#8211; D\u00e9roulement de la s\u00e9ance &#8211; Tarifs Une s\u00e9ance nouveau-n\u00e9 se planifie d\u00e8s votre 7\u00e8me mois de grossesse. Nous ferons tout pour nous adapter. En effet si b\u00e9b\u00e9 veut sortir plus t\u00f4t, ou m\u00eame si il a choisi de rester quelques jours de plus au chaud nous modulerons le planning. Le plus [&hellip;]","og_url":"https:\/\/www.jeromecarbone.com\/photographe\/naissance\/deroulement-de-la-seance\/","og_site_name":"J\u00e9r\u00f4me Carbone","article_modified_time":"2021-02-06T10:55:13+00:00","og_image":[{"url":"http:\/\/www.jeromecarbone.com\/photographe\/wp-content\/grand-media\/image\/2J5B8010.jpg"}],"twitter_card":"summary_large_image","twitter_misc":{"Dur\u00e9e de lecture estim\u00e9e":"1 minute"},"schema":{"@context":"https:\/\/schema.org","@graph":[{"@type":"WebPage","@id":"https:\/\/www.jeromecarbone.com\/photographe\/naissance\/deroulement-de-la-seance\/","url":"https:\/\/www.jeromecarbone.com\/photographe\/naissance\/deroulement-de-la-seance\/","name":"D\u00e9roulement de la s\u00e9ance - J\u00e9r\u00f4me Carbone","isPartOf":{"@id":"https:\/\/www.jeromecarbone.com\/photographe\/#website"},"primaryImageOfPage":{"@id":"https:\/\/www.jeromecarbone.com\/photographe\/naissance\/deroulement-de-la-seance\/#primaryimage"},"image":{"@id":"https:\/\/www.jeromecarbone.com\/photographe\/naissance\/deroulement-de-la-seance\/#primaryimage"},"thumbnailUrl":"http:\/\/www.jeromecarbone.com\/photographe\/wp-content\/grand-media\/image\/2J5B8010.jpg","datePublished":"2017-02-10T14:57:06+00:00","dateModified":"2021-02-06T10:55:13+00:00","breadcrumb":{"@id":"https:\/\/www.jeromecarbone.com\/photographe\/naissance\/deroulement-de-la-seance\/#breadcrumb"},"inLanguage":"fr-FR","potentialAction":[{"@type":"ReadAction","target":["https:\/\/www.jeromecarbone.com\/photographe\/naissance\/deroulement-de-la-seance\/"]}]},{"@type":"ImageObject","inLanguage":"fr-FR","@id":"https:\/\/www.jeromecarbone.com\/photographe\/naissance\/deroulement-de-la-seance\/#primaryimage","url":"http:\/\/www.jeromecarbone.com\/photographe\/wp-content\/grand-media\/image\/2J5B8010.jpg","contentUrl":"http:\/\/www.jeromecarbone.com\/photographe\/wp-content\/grand-media\/image\/2J5B8010.jpg"},{"@type":"BreadcrumbList","@id":"https:\/\/www.jeromecarbone.com\/photographe\/naissance\/deroulement-de-la-seance\/#breadcrumb","itemListElement":[{"@type":"ListItem","position":1,"name":"Accueil","item":"https:\/\/www.jeromecarbone.com\/photographe\/"},{"@type":"ListItem","position":2,"name":"Naissance","item":"https:\/\/www.jeromecarbone.com\/photographe\/naissance\/"},{"@type":"ListItem","position":3,"name":"D\u00e9roulement de la s\u00e9ance"}]},{"@type":"WebSite","@id":"https:\/\/www.jeromecarbone.com\/photographe\/#website","url":"https:\/\/www.jeromecarbone.com\/photographe\/","name":"Photographe de votre famille","description":"Photographe de votre famille","publisher":{"@id":"https:\/\/www.jeromecarbone.com\/photographe\/#\/schema\/person\/16010d3d4cd99291c568d78e2dadac77"},"potentialAction":[{"@type":"SearchAction","target":{"@type":"EntryPoint","urlTemplate":"https:\/\/www.jeromecarbone.com\/photographe\/?s={search_term_string}"},"query-input":"required name=search_term_string"}],"inLanguage":"fr-FR"},{"@type":["Person","Organization"],"@id":"https:\/\/www.jeromecarbone.com\/photographe\/#\/schema\/person\/16010d3d4cd99291c568d78e2dadac77","name":"J\u00e9r\u00f4me Carbone","image":{"@type":"ImageObject","inLanguage":"fr-FR","@id":"https:\/\/www.jeromecarbone.com\/photographe\/#\/schema\/person\/image\/","url":"https:\/\/secure.gravatar.com\/avatar\/40119e45623f76cf8351cadf8e13aebd248fdf78cb744a57826f41598011d4b6?s=96&d=mm&r=g","contentUrl":"https:\/\/secure.gravatar.com\/avatar\/40119e45623f76cf8351cadf8e13aebd248fdf78cb744a57826f41598011d4b6?s=96&d=mm&r=g","caption":"J\u00e9r\u00f4me Carbone"},"logo":{"@id":"https:\/\/www.jeromecarbone.com\/photographe\/#\/schema\/person\/image\/"}}]}},"_links":{"self":[{"href":"https:\/\/www.jeromecarbone.com\/photographe\/wp-json\/wp\/v2\/pages\/5452","targetHints":{"allow":["GET"]}}],"collection":[{"href":"https:\/\/www.jeromecarbone.com\/photographe\/wp-json\/wp\/v2\/pages"}],"about":[{"href":"https:\/\/www.jeromecarbone.com\/photographe\/wp-json\/wp\/v2\/types\/page"}],"author":[{"embeddable":true,"href":"https:\/\/www.jeromecarbone.com\/photographe\/wp-json\/wp\/v2\/users\/1"}],"replies":[{"embeddable":true,"href":"https:\/\/www.jeromecarbone.com\/photographe\/wp-json\/wp\/v2\/comments?post=5452"}],"version-history":[{"count":10,"href":"https:\/\/www.jeromecarbone.com\/photographe\/wp-json\/wp\/v2\/pages\/5452\/revisions"}],"predecessor-version":[{"id":5746,"href":"https:\/\/www.jeromecarbone.com\/photographe\/wp-json\/wp\/v2\/pages\/5452\/revisions\/5746"}],"up":[{"embeddable":true,"href":"https:\/\/www.jeromecarbone.com\/photographe\/wp-json\/wp\/v2\/pages\/5350"}],"wp:attachment":[{"href":"https:\/\/www.jeromecarbone.com\/photographe\/wp-json\/wp\/v2\/media?parent=5452"}],"curies":[{"name":"wp","href":"https:\/\/api.w.org\/{rel}","templated":true}]}}